 of 377707?
7
What is the units digit of 10573288?
8
What is the hundreds digit of 96982?
9
What is the ten thousands digit of 2001855?
0
What is the thousands digit of 536735?
6
What is the hundred thousands digit of 300953?
3
What is the units digit of 421180?
0
What is the tens digit of 101058?
5
What is the hundred thousands digit of 1650561?
6
What is the ten thousands digit of 406607?
0
What is the thousands digit of 4288264?
8
What is the units digit of 1662914?
4
What is the thousands digit of 283005?
3
What is the hundred thousands digit of 170486?
1
What is the tens digit of 1836494?
9
What is the units digit of 2305771?
1
What is the millions digit of 1224580?
1
What is the hundred thousands digit of 115707?
1
What is the hundred thousands digit of 2264883?
2
What is the tens digit of 1283292?
9
What is the millions digit of 12347919?
2
What is the tens digit of 16801667?
6
What is the hundred thousands digit of 3975506?
9
What is the units digit of 896634?
4
What is the tens digit of 4321459?
5
What is the ten thousands digit of 118678?
1
What is the hundreds digit of 7290259?
2
What is the tens digit of 311992?
9
What is the tens digit of 1486814?
1
What is the millions digit of 5483577?
5
What is the thousands digit of 2919590?
9
What is the thousands digit of 5832326?
2
What is the thousands digit of 373219?
3
What is the thousands digit of 16113663?
3
What is the hundreds digit of 4537803?
8
What is the tens digit of 1232105?
0
What is the tens digit of 1028017?
1
What is the hundred thousands digit of 8161870?
1
What is the hundreds digit of 23631655?
6
What is the thousands digit of 1382472?
2
What is the millions digit of 9161596?
9
What is the thousands digit of 388044?
8
What is the tens digit of 2098381?
8
What is the thousands digit of 58331?
8
What is the units digit of 781520?
0
What is the hundreds digit of 804761?
7
What is the tens digit of 1101216?
1
What is the units digit of 17846?
6
What is the ten thousands digit of 329313?
2
What is the hundreds digit of 36500325?
3
What is the ten thousands digit of 2027137?
2
What is the units digit of 1739707?
7
What is the hundreds digit of 297986?
9
What is the tens digit of 369914?
1
What is the thousands digit of 363349?
3
What is the units digit of 606694?
4
What is the hundred thousands digit of 1217446?
2
What is the units digit of 176892?
2
What is the millions digit of 6011510?
6
What is the hundred thousands digit of 1072938?
0
What is the millions digit of 13013489?
3
What is the hundreds digit of 9404870?
8
What is the ten thousands digit of 1154330?
5
What is the tens digit of 2873615?
1
What is the thousands digit of 1240700?
0
What is the tens digit of 254652?
5
What is the thousands digit of 3479929?
9
What is the ten thousands digit of 52015?
5
What is the millions digit of 31777919?
1
What is the hundred thousands digit of 1496012?
4
What is the hundred thousands digit of 599504?
5
What is the ten thousands digit of 382801?
8
What is the tens digit of 347335?
3
What is the hundred thousands digit of 565293?
5
What is the ten thousands digit of 747318?
4
What is the hundred thousands digit of 29929422?
9
What is the thousands digit of 1232?
1
What is the ten thousands digit of 165750?
6
What is the units digit of 358246?
6
What is the hundreds digit of 4307067?
0
What is the thousands digit of 21569660?
9
What is the hundreds digit of 241813?
8
What is the thousands digit of 468303?
8
What is the hundreds digit of 196747?
7
What is the units digit of 219016?
6
What is the ten thousands digit of 560646?
6
What is the hundred thousands digit of 10795325?
7
What is the hundred thousands digit of 544283?
5
What is the ten thousands digit of 67578?
6
What is the hundred thousands digit of 17751598?
7
What is the thousands digit of 661473?
1
What is the hundreds digit of 167112?
1
What is the hundreds digit of 1228498?
4
What is the hundreds digit of 1070933?
9
What is the ten thousands digit of 18032517?
3
What is the thousands digit of 71858?
1
What is the hundred thousands digit of 3137972?
1
What is the hundreds digit of 436001?
0
What is the tens digit of 13638824?
2
What is the ten thousands digit of 9294749?
9
What is the ten thousands digit of 426583?
2
What is the tens digit of 633595?
9
What is the units digit of 11364645?
5
What is the thousands digit of 535313?
5
What is the units digit of 15735294?
4
What is the units digit of 1097737?
7
What is the ten thousands digit of 213522?
1
What is the hundreds digit of 273353?
3
What is the units digit of 109614?
4
What is the millions digit of 7867666?
7
What is the units digit of 950127?
7
What is the ten thousands digit of 3028072?
2
What is the thousands digit of 10086287?
6
What is the ten thousands digit of 131361?
3
What is the hundreds digit of 8712586?
5
What is the tens digit of 9304345?
4
What is the tens digit of 158480?
8
What is the millions digit of 4116401?
4
What is the tens digit of 3582780?
8
What is the thousands digit of 446424?
6
What is the tens digit of 2978882?
8
What is the tens digit of 26720684?
8
What is the ten thousands digit of 9769858?
6
What is the thousands digit of 12695095?
5
What is the hundreds digit of 6685259?
2
What is the millions digit of 1890007?
1
What is the tens digit of 1163245?
4
What is the ten thousands digit of 3319278?
1
What is the ten thousands digit of 683586?
8
What is the millions digit of 30001939?
0
What is the units digit of 74629?
9
What is the tens digit of 483704?
0
What is the millions digit of 1456051?
1
What is the ten thousands digit of 6760242?
6
What is the hundreds digit of 188826?
8
What is the tens digit of 2379675?
7
What is the hundred thousands digit of 2710571?
7
What is the ten thousands digit of 197351?
9
What is the ten thousands digit of 151826?
5
What is the hundred thousands digit of 946580?
9
What is the tens digit of 513572?
7
What is the units digit of 204163?
3
What is the ten thousands digit of 2045412?
4
What is the units digit of 34593?
3
What is the tens digit of 144104?
0
What is the units digit of 1186154?
4
What is the hundreds digit of 684180?
1
What is the thousands digit of 720107?
0
What is the hundreds digit of 437142?
1
What is the hundred thousands digit of 32251189?
2
What is the tens digit of 198718?
1
What is the tens digit of 11641012?
1
What is the thousands digit of 2979270?
9
What is the hundreds digit of 207193?
1
What is the hundreds digit of 330853?
8
What is the thousands digit of 24876?
4
What is the thousands digit of 575801?
5
What is the ten thousands digit of 34013967?
1
What is the hundreds digit of 224635?
6
What is the units digit of 5652374?
4
What is the ten thousands digit of 229852?
2
What is the units digit of 5723882?
2
What is the ten thousands digit of 1362631?
6
What is the hundreds digit of 8823178?
1
What is the units digit of 311939?
9
What is the ten thousands digit of 963288?
6
What is the hundreds digit of 2654587?
5
What is the tens digit of 85097?
9
What is the thousands digit of 1158827?
8
What is the hundred thousands digit of 4577672?
5
What is the millions digit of 1370871?
1
What is the ten thousands digit of 121435?
2
What is the ten thousands digit of 32060?
3
What is the ten thousands digit of 171871?
7
What is the units digit of 6093805?
5
What is the thousands digit of 17110924?
0
What is the thousands digit of 776601?
6
What is the ten thousands digit of 197789?
9
What is the tens digit of 257889?
8
What is the units digit of 716769?
9
What is the units digit of 11001274?
4
What is the thousands digit of 5999307?
9
What is the hundreds digit of 392603?
6
What is the hundreds digit of 2813937?
9
What is the tens digit of 233465?
6
What is the thousands digit of 8069909?
9
What is the tens digit of 26196?
9
What is the hundreds digit of 1319075?
0
What is the hundreds digit of 8966151?
1
What is the ten thousands digit of 286087?
8
What is the thousands digit of 1348661?
8
What is the thousands digit of 38836?
8
What is the hundred thousands digit of 568822?
5
What is the thousands digit of 2381608?
1
What is the tens digit of 455075?
7
What is the hundred thousands digit of 1074796?
0
What is the hundred thousands digit of 12310102?
3
What is the units digit